ighest common divisor of 7284 and 2.
2
What is the highest common factor of 51557 and 817?
43
Calculate the highest common divisor of 304 and 164616.
152
What is the greatest common divisor of 3703 and 1177393?
161
What is the greatest common factor of 152 and 427918?
38
Calculate the greatest common factor of 4914 and 609.
21
Calculate the greatest common divisor of 357276 and 228.
228
Calculate the greatest common divisor of 1782 and 3402.
162
Calculate the greatest common divisor of 2010 and 390.
30
Calculate the greatest common divisor of 2016 and 49756.
28
What is the highest common divisor of 16175 and 15?
5
Calculate the highest common factor of 72 and 3304.
8
Calculate the greatest common factor of 1378 and 20193.
53
Calculate the greatest common divisor of 291038 and 11.
11
What is the greatest common divisor of 562 and 1055717?
281
What is the highest common factor of 312618 and 48?
6
Calculate the greatest common divisor of 253395 and 3375.
135
Calculate the greatest common divisor of 2547 and 66.
3
What is the highest common divisor of 66231 and 2376?
297
Calculate the greatest common factor of 3890029 and 104.
13
Calculate the highest common factor of 387 and 963.
9
Calculate the greatest common divisor of 9010 and 29680.
530
What is the highest common divisor of 176 and 20196?
44
Calculate the greatest common factor of 233 and 19106.
233
What is the greatest common factor of 6090 and 320943?
609
Calculate the greatest common factor of 49 and 331289.
49
What is the greatest common divisor of 220 and 106139?
11
What is the greatest common divisor of 8505 and 35?
35
What is the highest common divisor of 3306677 and 341?
341
Calculate the greatest common factor of 956169 and 9432.
1179
Calculate the greatest common factor of 93 and 188511.
93
Calculate the greatest common divisor of 6900 and 525780.
1380
What is the greatest common factor of 5766 and 18?
6
What is the highest common divisor of 1341 and 428226?
447
Calculate the highest common factor of 65412 and 26496.
828
Calculate the highest common divisor of 2140 and 8507570.
1070
What is the highest common divisor of 1104 and 31326?
138
What is the greatest common divisor of 28 and 11438?
14
Calculate the greatest common factor of 210 and 73420.
10
Calculate the greatest common divisor of 3950407 and 25210.
2521
Calculate the greatest common divisor of 19278 and 2016.
126
What is the greatest common factor of 220 and 276240?
20
What is the greatest common factor of 6580 and 11750?
470
Calculate the greatest common factor of 9234 and 17496.
486
Calculate the highest common divisor of 567168 and 21.
21
What is the greatest common factor of 2827 and 8327?
11
What is the greatest common divisor of 5143 and 139?
139
What is the greatest common factor of 7531 and 510?
17
Calculate the greatest common divisor of 96 and 166.
2
What is the greatest common factor of 1095 and 2385?
15
Calculate the highest common factor of 713 and 4681.
31
What is the greatest common factor of 1509 and 435095?
503
Calculate the greatest common divisor of 17591 and 8975.
359
Calculate the highest common divisor of 1240 and 59210.
310
What is the highest common factor of 10653 and 6432?
201
What is the greatest common factor of 702 and 112?
2
What is the greatest common divisor of 100236 and 1968?
12
What is the highest common divisor of 92 and 694531?
23
What is the highest common factor of 54 and 28701?
27
Calculate the highest common factor of 428 and 411629.
107
Calculate the greatest common factor of 70 and 420230.
10
Calculate the greatest common factor of 11991 and 7728.
21
Calculate the greatest common divisor of 989163 and 441.
441
Calculate the greatest common factor of 78010 and 145.
145
What is the highest common factor of 313308 and 396?
36
What is the highest common divisor of 152785 and 5?
5
Calculate the highest common factor of 138490 and 70.
10
Calculate the greatest common factor of 53178 and 894.
6
What is the highest common factor of 10025641 and 163?
163
What is the greatest common divisor of 3 and 10709?
1
Calculate the greatest common divisor of 103 and 88889.
103
What is the highest common divisor of 109440 and 2850?
570
Calculate the highest common divisor of 319 and 841.
29
Calculate the highest common divisor of 15174 and 5724.
54
What is the highest common divisor of 56 and 13580?
28
Calculate the highest common divisor of 33 and 13893.
33
Calculate the greatest common factor of 320598 and 162.
162
Calculate the highest common divisor of 12 and 1524.
12
Calculate the highest common factor of 57 and 448267.
19
Calculate the highest common factor of 178704 and 18.
18
What is the greatest common factor of 166339 and 26651?
919
What is the greatest common factor of 64695 and 114?
57
What is the highest common divisor of 3186011 and 6243?
2081
Calculate the highest common factor of 375411 and 55857.
1299
Calculate the highest common divisor of 81660 and 420.
60
What is the greatest common factor of 40192 and 157?
157
What is the greatest common factor of 527298 and 138?
138
What is the highest common factor of 33355 and 525?
35
What is the greatest common divisor of 64 and 51984?
16
What is the greatest common divisor of 1 and 196792?
1
Calculate the greatest common factor of 364 and 167258.
182
Calculate the highest common factor of 163817 and 214.
107
What is the greatest common factor of 21595 and 160?
5
Calculate the highest common divisor of 6235 and 59555.
215
What is the greatest common divisor of 31305 and 30?
15
Calculate the highest common divisor of 539008 and 16.
16
What is the greatest common divisor of 9533736 and 48?
24
What is the greatest common divisor of 624 and 9308?
52
What is the greatest common divisor of 5518 and 93?
31
Calculate the highest common divisor of 83837 and 65.
13
Calculate the greatest common divisor of 4773 and 189501.
129
Calculate the greatest common factor of 216 and 177768.
216
What is the highest common divisor of 35015 and 11920?
745
What is the highest common divisor of 62990 and 30?
10
What is the highest common divisor of 2612 and 14?
2
What is the greatest common factor of 146480 and 240?
80
What is the greatest common divisor of 296 and 306767?
37
What is the greatest common divisor of 76998 and 46324?
626
Calculate the highest common factor of 2164 and 12348.
4
Calculate the highest common factor of 1540 and 37345.
385
What is the greatest common divisor of 575890 and 532?
266
Calculate the greatest common divisor of 992 and 6144.
32
What is the highest common divisor of 1314 and 459?
9
What is the greatest common divisor of 212440 and 4068?
452
What is the highest common divisor of 20322 and 3?
3
What is the highest common factor of 26996 and 153?
17
What is the greatest common divisor of 112 and 154000?
112
Calculate the highest common factor of 87868 and 88.
44
What is the greatest common factor of 72 and 1771434?
18
What is the greatest common divisor of 80 and 13488?
16
What is the greatest common factor of 19517 and 134600?
673
What is the greatest common factor of 1 and 6458?
1
Calculate the highest common divisor of 4511 and 10063.
347
What is the highest common factor of 195 and 26585?
65
What is the highest common factor of 178 and 34354?
178
Calculate the greatest common factor of 6987 and 153.
51
Calculate the highest common factor of 3 and 1047363.
3
Calculate the highest common factor of 185 and 14467.
37
What is the highest common factor of 3856 and 3152?
16
Calculate the highest common divisor of 581 and 51377.
83
Calculate the highest common factor of 5811 and 3276.
39
Calculate the highest common factor of 546 and 3570.
42
What is the highest common factor of 2841865 and 65?
65
What is the highest common divisor of 41204 and 8?
4
What is the greatest common divisor of 18351060 and 30?
30
What is the highest common factor of 20216 and 4508?
28
What is the highest common factor of 168 and 209104?
56
Calculate the greatest common divisor of 135 and 135756.
27
Calculate the greatest common divisor of 1626 and 714898.
542
What is the highest common factor of 268 and 720?
4
What is the highest common divisor of 159 and 801201?
159
Calculate the highest common factor of 168 and 23709.
21
Calculate the greatest common di